{"id":377,"date":"2024-11-12T20:15:55","date_gmt":"2024-11-12T20:15:55","guid":{"rendered":"https:\/\/www.tadelakt-art-deco.web-linecreator.fr\/?post_type=product&#038;p=377"},"modified":"2026-02-12T14:51:41","modified_gmt":"2026-02-12T13:51:41","slug":"etude-initiale-permis-re2020","status":"publish","type":"product","link":"https:\/\/www.innova-thermic.com\/Old\/produit\/etude-initiale-permis-re2020\/","title":{"rendered":"\u00c9tude initiale Permis RE2020"},"content":{"rendered":"<p class=\"\" data-start=\"169\" data-end=\"382\">Vous avez un projet d\u2019<strong data-start=\"191\" data-end=\"247\">extension ou de construction neuve de moins de 50 m\u00b2<\/strong> ?<\/p>\n<p data-start=\"169\" data-end=\"382\">\ud83d\udcb0 <strong data-start=\"234\" data-end=\"255\">Tarif : 99 \u20ac TTC<\/strong><\/p>\n<p class=\"\" data-start=\"169\" data-end=\"382\">Nous vous accompagnons dans toutes les d\u00e9marches thermiques et r\u00e9glementaires n\u00e9cessaires au d\u00e9p\u00f4t de votre permis de construire :<\/p>\n<p class=\"\" data-start=\"384\" data-end=\"561\">\ud83d\udd39 <strong data-start=\"387\" data-end=\"417\">Attestation RE2020 incluse<\/strong><br data-start=\"417\" data-end=\"420\" \/>Obtenez l\u2019attestation obligatoire prouvant que votre projet respecte les exigences de la r\u00e9glementation environnementale en vigueur (RE2020).<\/p>\n<p class=\"\" data-start=\"563\" data-end=\"783\">\ud83d\udd39 <strong data-start=\"566\" data-end=\"611\">Fiche de synth\u00e8se claire et personnalis\u00e9e<\/strong><br data-start=\"611\" data-end=\"614\" \/>Nous vous remettons un document simple et compr\u00e9hensible qui r\u00e9sume les points cl\u00e9s \u00e0 conna\u00eetre sur la performance \u00e9nerg\u00e9tique et thermique de votre future construction.<\/p>\n<p class=\"\" data-start=\"785\" data-end=\"901\">\ud83d\udd39 <strong data-start=\"788\" data-end=\"811\">Conseils sur-mesure<\/strong><br data-start=\"811\" data-end=\"814\" \/>Nos experts vous guident pas \u00e0 pas pour faire les bons choix et optimiser votre projet.<\/p>\n<p class=\"\" data-start=\"903\" data-end=\"1067\">\ud83d\udd39 <strong data-start=\"906\" data-end=\"937\">Une \u00e9tude fiable et assur\u00e9e<\/strong><br data-start=\"937\" data-end=\"940\" \/>Votre \u00e9tude est r\u00e9alis\u00e9e par un bureau d\u2019\u00e9tude certifi\u00e9, couvert par une <strong data-start=\"1013\" data-end=\"1036\">assurance d\u00e9cennale<\/strong> et une <strong data-start=\"1044\" data-end=\"1066\">RC professionnelle<\/strong>.<\/p>\n<p>&nbsp;<\/p>\n","protected":false},"excerpt":{"rendered":"<h2>Permis RE2020<\/h2>\n<p class=\"elementor-heading-title elementor-size-default\">Conseils d\u00e9livr\u00e9s par nos experts \/ \u00c9tude certifi\u00e9e (RC pro et d\u00e9cennale)<\/p>\n","protected":false},"featured_media":5044,"comment_status":"closed","ping_status":"closed","template":"","meta":{"_acf_changed":false},"product_brand":[],"product_cat":[54],"product_tag":[],"class_list":{"0":"post-377","1":"product","2":"type-product","3":"status-publish","4":"has-post-thumbnail","6":"product_cat-etude","8":"first","9":"instock","10":"virtual","11":"sold-individually","12":"taxable","13":"purchasable","14":"product-type-simple"},"acf":[],"jetpack_sharing_enabled":true,"_links":{"self":[{"href":"https:\/\/www.innova-thermic.com\/Old\/wp-json\/wp\/v2\/product\/377","targetHints":{"allow":["GET"]}}],"collection":[{"href":"https:\/\/www.innova-thermic.com\/Old\/wp-json\/wp\/v2\/product"}],"about":[{"href":"https:\/\/www.innova-thermic.com\/Old\/wp-json\/wp\/v2\/types\/product"}],"replies":[{"embeddable":true,"href":"https:\/\/www.innova-thermic.com\/Old\/wp-json\/wp\/v2\/comments?post=377"}],"wp:featuredmedia":[{"embeddable":true,"href":"https:\/\/www.innova-thermic.com\/Old\/wp-json\/wp\/v2\/media\/5044"}],"wp:attachment":[{"href":"https:\/\/www.innova-thermic.com\/Old\/wp-json\/wp\/v2\/media?parent=377"}],"wp:term":[{"taxonomy":"product_brand","embeddable":true,"href":"https:\/\/www.innova-thermic.com\/Old\/wp-json\/wp\/v2\/product_brand?post=377"},{"taxonomy":"product_cat","embeddable":true,"href":"https:\/\/www.innova-thermic.com\/Old\/wp-json\/wp\/v2\/product_cat?post=377"},{"taxonomy":"product_tag","embeddable":true,"href":"https:\/\/www.innova-thermic.com\/Old\/wp-json\/wp\/v2\/product_tag?post=377"}],"curies":[{"name":"wp","href":"https:\/\/api.w.org\/{rel}","templated":true}]}}