{"id":853,"date":"2024-11-17T19:52:29","date_gmt":"2024-11-17T19:52:29","guid":{"rendered":"https:\/\/www.tadelakt-art-deco.web-linecreator.fr\/?post_type=product&#038;p=853"},"modified":"2026-02-12T16:53:16","modified_gmt":"2026-02-12T15:53:16","slug":"etude-premium-re2020","status":"publish","type":"product","link":"https:\/\/www.innova-thermic.com\/Old\/produit\/etude-premium-re2020\/","title":{"rendered":"\u00c9tude Premium RE2020 \u2013 Accompagnement complet + \u00e9tude environnementale"},"content":{"rendered":"<h2 data-start=\"164\" data-end=\"255\"><span style=\"font-size: 75%;\">\u00c9tude Premium Pack RE2020 (avec \u00e9tude environnementale)<\/span><\/h2>\n<p class=\"\" data-start=\"164\" data-end=\"255\"><strong data-start=\"164\" data-end=\"228\">Maison individuelle ou extension de plus de 80 m\u00b2 habitables<\/strong><br data-start=\"228\" data-end=\"231\" \/>\ud83d\udcb0 <strong data-start=\"234\" data-end=\"255\">Tarif : 799 \u20ac TTC<\/strong><\/p>\n<p class=\"\" data-start=\"257\" data-end=\"392\">Notre bureau d\u2019\u00e9tude vous accompagne pour le d\u00e9p\u00f4t de votre permis de construire avec une prestation compl\u00e8te et conforme \u00e0 la RE2020 :<\/p>\n<p class=\"\" data-start=\"394\" data-end=\"554\">\u2714 <strong data-start=\"396\" data-end=\"426\">Attestation RE2020 fournie<\/strong><br data-start=\"426\" data-end=\"429\" \/>Inclut le calcul des indicateurs <strong data-start=\"462\" data-end=\"470\">Bbio<\/strong> (besoin bioclimatique) et <strong data-start=\"497\" data-end=\"503\">DH<\/strong> (confort d\u2019\u00e9t\u00e9), obligatoires pour le d\u00e9p\u00f4t du PC.<\/p>\n<p class=\"\" data-start=\"556\" data-end=\"774\">\u2714 <strong data-start=\"558\" data-end=\"600\">Analyse des consommations \u00e9nerg\u00e9tiques<\/strong><br data-start=\"600\" data-end=\"603\" \/>\u00c9tude d\u00e9taill\u00e9e des performances des syst\u00e8mes de <strong data-start=\"652\" data-end=\"665\">chauffage<\/strong>, <strong data-start=\"667\" data-end=\"684\">climatisation<\/strong>, <strong data-start=\"686\" data-end=\"701\">ventilation<\/strong> et <strong data-start=\"705\" data-end=\"729\">eau chaude sanitaire<\/strong>, avec les indicateurs <strong data-start=\"752\" data-end=\"759\">Cep<\/strong> et <strong data-start=\"763\" data-end=\"773\">Cep,nr<\/strong>.<\/p>\n<p class=\"\" data-start=\"776\" data-end=\"955\">\u2714 <strong data-start=\"778\" data-end=\"815\">Analyse environnementale compl\u00e8te<\/strong><br data-start=\"815\" data-end=\"818\" \/>\u00c9valuation de l\u2019impact environnemental des mat\u00e9riaux et des \u00e9nergies utilis\u00e9es via les indicateurs <strong data-start=\"917\" data-end=\"936\">Ic Construction<\/strong> et <strong data-start=\"940\" data-end=\"954\">Ic \u00c9nergie<\/strong>.<\/p>\n<p class=\"\" data-start=\"957\" data-end=\"1099\">\u2714 <strong data-start=\"959\" data-end=\"985\">Conseils personnalis\u00e9s<\/strong><br data-start=\"985\" data-end=\"988\" \/>Nos thermiciens vous conseillent sur les solutions techniques et \u00e9conomiques les mieux adapt\u00e9es \u00e0 votre projet.<\/p>\n<p class=\"\" data-start=\"1101\" data-end=\"1259\">\u2714 <strong data-start=\"1103\" data-end=\"1133\">\u00c9tude certifi\u00e9e et assur\u00e9e<\/strong><br data-start=\"1133\" data-end=\"1136\" \/>R\u00e9alisation par un bureau d\u2019\u00e9tude couvert par une <strong data-start=\"1186\" data-end=\"1209\">assurance d\u00e9cennale<\/strong> et une <strong data-start=\"1217\" data-end=\"1258\">responsabilit\u00e9 civile professionnelle<\/strong>.<\/p>\n<p data-start=\"1101\" data-end=\"1259\">\n","protected":false},"excerpt":{"rendered":"<p>\u00c9tablissement de l\u2019attestation RE2020 (Calcul du Bbio et DH) \/ \u00c9tude des consommations des syst\u00e8mes de chauffage, climatisation, ventilation et de production ECS (Cep &amp; Cep, nr) \/ \u00c9tude d\u2019analyse de cycle de vie concernant les mat\u00e9riaux utilis\u00e9s et les \u00e9nergies (Ic construction &amp; Ic \u00e9nergie). Conseils d\u00e9livr\u00e9s par nos experts \/ \u00c9tude certifi\u00e9e (RC pro et d\u00e9cennale)<\/p>\n","protected":false},"featured_media":5047,"comment_status":"closed","ping_status":"closed","template":"","meta":{"_acf_changed":false},"product_brand":[],"product_cat":[54],"product_tag":[],"class_list":{"0":"post-853","1":"product","2":"type-product","3":"status-publish","4":"has-post-thumbnail","6":"product_cat-etude","8":"first","9":"instock","10":"virtual","11":"sold-individually","12":"taxable","13":"purchasable","14":"product-type-simple"},"acf":[],"jetpack_sharing_enabled":true,"_links":{"self":[{"href":"https:\/\/www.innova-thermic.com\/Old\/wp-json\/wp\/v2\/product\/853","targetHints":{"allow":["GET"]}}],"collection":[{"href":"https:\/\/www.innova-thermic.com\/Old\/wp-json\/wp\/v2\/product"}],"about":[{"href":"https:\/\/www.innova-thermic.com\/Old\/wp-json\/wp\/v2\/types\/product"}],"replies":[{"embeddable":true,"href":"https:\/\/www.innova-thermic.com\/Old\/wp-json\/wp\/v2\/comments?post=853"}],"wp:featuredmedia":[{"embeddable":true,"href":"https:\/\/www.innova-thermic.com\/Old\/wp-json\/wp\/v2\/media\/5047"}],"wp:attachment":[{"href":"https:\/\/www.innova-thermic.com\/Old\/wp-json\/wp\/v2\/media?parent=853"}],"wp:term":[{"taxonomy":"product_brand","embeddable":true,"href":"https:\/\/www.innova-thermic.com\/Old\/wp-json\/wp\/v2\/product_brand?post=853"},{"taxonomy":"product_cat","embeddable":true,"href":"https:\/\/www.innova-thermic.com\/Old\/wp-json\/wp\/v2\/product_cat?post=853"},{"taxonomy":"product_tag","embeddable":true,"href":"https:\/\/www.innova-thermic.com\/Old\/wp-json\/wp\/v2\/product_tag?post=853"}],"curies":[{"name":"wp","href":"https:\/\/api.w.org\/{rel}","templated":true}]}}